-2071 - -2486. Calculate the greatest common factor of p and 10.
5
Let x be (-48)/2*(-374)/264. What is the greatest common divisor of 2822 and x?
34
Let h = 63 - 13. Let k be (1850/1295)/(2/224). What is the highest common divisor of h and k?
10
Let b = -614 - -3678. Calculate the highest common factor of 16 and b.
8
Suppose -3*t + 4*t = 148. Let o(w) = -30*w - 266. Let p be o(-9). Calculate the highest common factor of t and p.
4
Let j = -10302 + 10362. What is the highest common factor of j and 6440?
20
Let b = 119 - 61. Suppose -5*j + y - b = -y, -4*j - 2*y = 32. Let l be (j + (-3 - -2))*-2. What is the highest common factor of 22 and l?
22
Let s be 3*-4 - (-9470)/10. Calculate the greatest common factor of s and 715.
55
Suppose 0 = -2*k - 2*y + 142, -36*k + 41*k + 2*y = 358. Calculate the highest common divisor of k and 396.
36
Suppose 5*z = -5*v + 935, -52 = -5*z - 57. Calculate the greatest common divisor of 517 and v.
47
Let a = 30604 - 30549. Calculate the highest common factor of 1055 and a.
5
Let q(o) = -27*o + 780. Let s be q(12). What is the highest common factor of 408 and s?
24
Suppose -3*p = -4*f - 110, 0 = -17*p + 27*p + 5*f - 495. Let m(d) = 3*d**2 - 4. Let n be m(-3). Calculate the greatest common factor of p and n.
23
Let y(l) = -6*l - 2. Let b be y(-9). Suppose -426*c - 9104 = -149*c - 45114. Calculate the greatest common divisor of b and c.
26
Suppose 0 = v - 2*i - 8133, -272*v + 4*i - 32448 = -276*v. Calculate the greatest common factor of v and 46.
23
Let q(n) = -26*n - 80. Let w be q(-11). Let d = w + -186. Calculate the highest common factor of d and 16.
4
Let l be -3 - (54 + -1 + 4). Let f = -58 - l. Let w be (540/28)/1 + f/(-7). Calculate the highest common divisor of w and 38.
19
Suppose 1316 = 5*b + 3*q, -8*b + 4*b + 2*q = -1044. Let i = -256 + b. What is the greatest common divisor of i and 24?
6
Let a = 138 + -645. Let o = a - -542. Let t be (-15)/(-6)*(1 - -13). What is the greatest common divisor of t and o?
35
Suppose 508*a - 550*a = -3353 - 5131. What is the highest common divisor of 7979 and a?
101
Let g(y) = -2*y**3 - 67*y**2 - 43*y + 105. Let q be g(-34). Calculate the highest common factor of q and 14.
7
Let q be ((-63)/6)/7*(-449 + -2 - 13). What is the highest common divisor of 2175 and q?
87
Let s = -18370 - -26391. What is the highest common factor of 13 and s?
13
Let o = 55 - 92. Let b = 136 + o. Calculate the highest common factor of 18 and b.
9
Suppose 12*x - 550 = 11*x - 3*n, 0 = -x + 5*n + 526. Let k = x + -485. Calculate the highest common divisor of k and 56.
56
Let c be -6 + 0 - (-76)/19. Let s be (11 - 83)*c/6. What is the highest common factor of 72 and s?
24
Let v(y) = 42*y. Let f be v(0). Suppose p + 2*c + f = 38, -4*p - 2*c + 152 = 0. What is the greatest common factor of p and 2?
2
Let a(m) = -m**3 - 4*m**2 - 7*m - 102. Let l be a(-6). Calculate the greatest common factor of 87 and l.
3
Suppose 0 = 3*r + 4*w - 620 + 544, 0 = 2*r - 3*w - 11. What is the highest common divisor of r and 164?
4
Let c be (2 - (-1968 + 3)) + (19 - 18). What is the greatest common factor of 576 and c?
48
Suppose -8224 - 3436 = -59*c - 47*c. Calculate the highest common factor of c and 80.
10
Let z be (-3 - 1*-2)/(334989/10469 + -32). What is the highest common factor of 841 and z?
29
Let a(s) = s**2 - 13*s - 16. Let z be a(14). Let q = 6 + z. Suppose -2*h + 0 = q*g - 14, 0 = -4*g + 3*h + 39. Calculate the highest common divisor of 30 and g.
6
Let v be (-465)/(-40) + 400/(-640). Calculate the highest common divisor of v and 2651.
11
Suppose -517 = -4*n + 27. Suppose -2*f - 44 = -4*b, -5*b - 6*f + 64 = -4*f. Let q be (-8)/b + (-318)/(-18). Calculate the greatest common factor of n and q.
17
Suppose 52*u + 15 = 47*u, x - u - 64 = 0. What is the highest common factor of 61 and x?
61
Let r be -3*((-172)/(-6) + 0). Let i = r - -123. Let y = -246 + 542. Calculate the highest common factor of i and y.
37
Let x be 2 + 216/1 - -2. Let y be -4 + (-6)/(-1) + (-72)/(-2). Suppose -2*a = -78 + y. Calculate the highest common divisor of x and a.
20
Let d = 3670 + -3400. What is the highest common factor of 50 and d?
10
Let x = -2849 - -2863. Suppose -5*u + 2*u = 4*w - 6, 5*u = 5*w + 45. Suppose 0 = 2*d - 50 - u. Calculate the greatest common factor of x and d.
14
Let j be 1 + (-8177)/(-39) + 2/(-3). Suppose 756 = -203*m + j*m. Calculate the highest common factor of 378 and m.
54
Let w(s) = 5*s - 2. Let n be (-22*1)/2 - 3. Let t be (-2)/(-7) - 10/n. Let a be w(t). What is the highest common factor of 3 and a?
3
Suppose 3*p - 3 + 0 = 0, 0 = -4*h + 3*p + 77. Suppose -153 = -10*k + 57. Suppose -23*w + k*w = -360. What is the greatest common divisor of w and h?
20
Suppose 5*y = -5*m - 5 + 25, -2*y + 3*m + 33 = 0. What is the greatest common factor of y and 217?
1
Let o(d) = -35*d**2 + 298*d - 495. Let a be o(6). Let v(w) = -2*w. Let j be v(-6). What is the highest common factor of a and j?
3
Suppose 5*t + 349 = 2*d, 0 = 4*d - 7*d + 4*t + 506. Suppose -213 - 327 = -5*b. What is the highest common factor of d and b?
54
Let n = 8469 - 8419. Let o be (-6)/2*-3 + 1. What is the greatest common factor of o and n?
10
Let g = -718 - -733. Let v(j) = 22*j - 14. Let n be v(10). Let f = 326 - n. Calculate the highest common divisor of f and g.
15
Suppose -56*z + 447220 = -3*z + 65*z. What is the highest common factor of 10 and z?
10
Let x(o) = -12*o**2 + o**3 - 18*o + 11*o**2 + 6*o**2 + 12*o**2 + 4. Let h be x(-18). Suppose 0 = h*n - n - 60. What is the greatest common divisor of 4 and n?
4
Let m be 8/20 - ((-14832)/(-30) - 5). Let f = 700 - m. Calculate the greatest common factor of f and 29.
29
Let j = -133 - -717. What is the greatest common divisor of 80 and j?
8
Suppose 0 = -4*c - 35*j + 39*j + 264, 0 = c - 13*j - 138. Let x = -18 - -42. Calculate the greatest common divisor of x and c.
12
Suppose -67*x + 460 = 58. What is the greatest common divisor of 2598 and x?
6
Suppose -1034*z + 1052*z - 23328 = 0. Calculate the highest common factor of 144 and z.
144
Let x be -4 + 1797 - (0 - 1)*5. Let p(c) = -c - 11. Let y be p(-11). Suppose 3*w = -q - y*w + 366, 5*q = w + x. What is the highest common divisor of 40 and q?
40
Suppose -2*w = 3*l + 37, 4*w = -2*l - 0*w - 22. Let f = l + 18. Suppose -f*k + 0*a = -5*a - 30, -5*a = -k + 22. What is the greatest common divisor of k and 6?
2
Let h be (-6)/(4/(2 + 72/(-27))). What is the greatest common factor of 379 and h?
1
Let b be ((-604)/3)/((-42)/3 + (-2288)/(-165)). Calculate the highest common divisor of b and 2869.
151
Let d = -2671 + 2676. What is the greatest common divisor of d and 1465?
5
Let u = -86 - -176. Let i = -644 - -626. Let t(j) = -j**3 - 18*j**2 - 10*j - 135. Let p be t(i). Calculate the greatest common divisor of p and u.
45
Let r = 277 + -279. Let t(y) = -97*y - 23. Let j be t(r). What is the highest common factor of j and 18?
9
Let s be ((-665)/6)/5 - (-10)/60. Let o = 64 + s. What is the greatest common factor of 2 and o?
2
Suppose -11*x + 314 = -6*x + 2*p, 2*x + 4*p = 116. Let j be (-129)/(-4) - 1/4. What is the greatest common divisor of j and x?
32
Let t be 2140/25*(-15)/(-12). What is the greatest common factor of 5029 and t?
107
Suppose 0 = -8938*j + 8852*j + 1462. Suppose -2*t + 4*a = -t - 107, -3*t = 4*a - 369. Calculate the greatest common factor of j and t.
17
Suppose 7*v - 5*v = -d + 3, 5*v = -3*d + 10. Let n = d - -22. What is the highest common factor of 351 and n?
27
Let u = -9 - -16. Let o(g) = 77*g - 175. Let p be o(u). Calculate the highest common divisor of 28 and p.
28
Let d(t) = -3*t**3 - 4*t**2 - 3*t - 5. Suppose -4*z - 5*v - 17 = 0, 4*v - 1 = 5*z + 10. Let m be d(z). What is the greatest common divisor of m and 1519?
49
Suppose -1456 = -i + 70. Calculate the greatest common factor of i and 14.
14
Let a(r) = -8*r - 12. Let y be a(-5). Suppose 0 = -3*s + y + 26. Calculate the highest common divisor of s and 144.
18
Suppose -62*r + 969 = -5*r. What is the greatest common factor of r and 459?
17
Suppose 5*z = 5, -5*q + 4*z = -q + 60. Let n be (0 + 34)*q/(-28). Let a = 300 + -164. Calculate the highest common divisor of a and n.
17
Suppose -79*y = -38*y - 1722. Suppose 111 + 15 = 2*q. What is the greatest common divisor of q and y?
21
Let p = 60 + -69. Let